s the tens digit of g?
2
Let d = -8 + 9. What is the units digit of (7/(-2))/(d/(-2))?
7
Suppose 8 = -d + 11. Suppose 2*s + 3 - 2 = -d*z, 3*z + 3 = 0. Let r = s - -28. What is the tens digit of r?
2
Let y be (510/4)/((-6)/(-36)). Suppose 5*i + 0*i = -5*b + y, 0 = 2*i - b - 306. What is the hundreds digit of i?
1
Let t be (3 + 2 + -5)/2. Suppose y + 0*b - 30 = 5*b, -5*y - 4*b + 5 = t. What is the units digit of (16/10)/(2/y)?
4
Let p(s) = 66*s - 9. Let w be p(-5). Let l = w + 523. What is the units digit of 2/(-9) - l/(-18)?
0
Suppose 0 = 3*m - m - 2*q - 1112, -q = m - 554. What is the hundreds digit of m?
5
Let h = -536 - -977. Let v = h - 299. What is the tens digit of v?
4
Let q(g) = g**2 + g. Let l(i) = 60*i**2 - 14*i + 2. Let z(h) = l(h) + 4*q(h). What is the units digit of z(2)?
8
Let j(q) = q**2 + q + 9. Let g be j(0). Let f be (-2)/g - 282/(-54). Suppose 125 = f*c - 35. What is the tens digit of c?
3
Let y be (-209)/(-2) + 7/(-14). Let p = y - 45. What is the units digit of p?
9
Suppose 13 + 39 = -4*o. Let k = o + 12. What is the tens digit of 2 - k*(-38)/(-2)?
2
Suppose 27 + 20 = i - 5*t, -62 = -2*i + 2*t. Suppose 0*w + 4 = w. Suppose w*q - v = -0*v + i, q + 3*v = 23. What is the units digit of q?
8
Let f(q) = q**2 + 3*q + 2. Let z be f(-3). Suppose 1 = v - z. Suppose 5*t - 2*t - 3*o - 66 = 0, 15 = -v*o. What is the tens digit of t?
1
Suppose o = x + 4*x - 2542, -x - o = -512. What is the units digit of x?
9
Let w be 36/(-30)*(-10)/3. Suppose -w*a + a + 9 = 0. What is the units digit of a?
3
Suppose 2*y - 50 = -8*y. Suppose 4*u = 3*f + 517, 2*f + 640 = y*u - 3*f. What is the units digit of u?
3
Suppose -111*g = -107*g - 2420. What is the units digit of g?
5
What is the thousands digit of (-305)/3*1581/(-85)?
1
Let p(r) = -r**2 - r + 4. Let k be p(0). Let v be k/14 - (-12)/(-42). Suppose -270 = -5*b - 5*t, 4*t - 112 = -v*b - 2*b. What is the units digit of b?
2
Let d = -29 - -33. Let k be 0 - ((-20)/d + 2). Suppose k*x - 238 = -103. What is the tens digit of x?
4
Let w be 2 + -9 - (-6 - -7). Let m = w + 11. Suppose -2*o = -m*q - 100, -o - 4*q = -0*o - 28. What is the units digit of o?
4
Suppose -4*v + 71 = 3*q, -3*q + 2*q = -2*v + 33. Let y = -28 + v. Let h = 15 + y. What is the units digit of h?
4
Let x = -986 - -442. Let p = 260 + x. What is the tens digit of (-1)/(-4) - p/16?
1
Let w = 676 + -405. What is the units digit of w?
1
Suppose -p + 23 = -3*o + 79, -4*o + 68 = -3*p. Let a = o + -15. Suppose -z - 196 = -a*z. What is the units digit of z?
9
Let w(a) = 7*a**2 - 1. Let i be w(2). Let q be (12/2)/((-2)/i). Let o = q + 143. What is the units digit of o?
2
Suppose 3*k - 5*c = 0, 2*k = -2*k + c. Let m(i) = 3*i + k - 12*i - 8*i + 5. What is the tens digit of m(-2)?
3
Suppose 20770 - 2716 = 9*o. What is the tens digit of o?
0
Suppose 3*l - 270 = 54. What is the units digit of l?
8
Suppose 8 = -0*w + 4*w. Let b(o) = 0*o + w + o + 21 + 4. What is the units digit of b(0)?
7
Let q(b) = -b**2 - 8*b - 7. Let f be q(-6). Suppose 311 + 224 = f*t. What is the tens digit of t?
0
Let q = 65 - 71. Let x(c) = 4*c**2 + 6*c + 17. What is the hundreds digit of x(q)?
1
Let p(l) = -l + 6. Let c be p(-5). Suppose 0 = -h + 1, -2*r + 6*h - c*h = -465. What is the tens digit of r?
3
Let q = 543 - 413. What is the units digit of q?
0
Let u(l) = 6*l - 10. Let o be u(7). Suppose -o = 5*y + 38. Let c = y + 41. What is the tens digit of c?
2
Let u be 1 + (-28)/(-8) - 2/4. Suppose -u*a + 400 = a. What is the units digit of a?
0
Suppose -2*p + 1038 = 2*q - 6*q, 2*q + 2563 = 5*p. What is the hundreds digit of p?
5
Let w(l) = l**2 - 4*l + 2. Let n be w(5). Suppose n*b + 100 = 3*b. Let a = -24 - b. What is the units digit of a?
1
Let f(c) = c - 3. Let t be f(-1). Let k be (-2)/t*12/2. Suppose k*d + 0*q - 4*q = 65, d + 3*q = 26. What is the tens digit of d?
2
Let p(k) be the third derivative of 0 + k**4 + 1/3*k**3 + 0*k + 3*k**2. What is the tens digit of p(1)?
2
Suppose 5*v = 2461 - 981. What is the tens digit of v?
9
Let s = -7 + 10. Suppose -52 = -4*n - s*z, n = -5*z + 12 + 1. Suppose -4*d + n + 140 = 3*i, -3*d + 3*i = -99. What is the units digit of d?
6
What is the hundreds digit of (-4)/(-4 - (0 + 1752/(-440)))?
2
Let a = -183 + 316. What is the units digit of (-76)/a*574/(-4)?
2
Let u = 512 + 271. What is the tens digit of u?
8
Let i = -16 - -20. Suppose -2*q + 2*m = 10, 2*q - 10 = i*q - m. What is the units digit of -2*1*q/10?
1
Let n(z) = 80*z**2 + 5. Let u(o) = -3 + 6 + 40*o**2 + 0 - 1. Let k(j) = -3*n(j) + 7*u(j). What is the tens digit of k(1)?
3
Let j(r) = r**2 + 21*r + 34. Let q be j(-15). What is the units digit of 42/16 - 21/q?
3
Let o(f) = -f**2 + 5*f + 16. Let y be o(7). Suppose -y*i - 852 = -8*i. What is the tens digit of i?
4
Let i be (-3 - (2 + -3))*442/(-4). Suppose -n = 8 - i. What is the tens digit of n?
1
Suppose -6*s + 4*s + 6 = 0, -5*c + 14 = -2*s. Let d be (3 + (-14)/c)*-10. Suppose -l - 52 = -d*l. What is the tens digit of l?
1
Let t(a) = 2*a**2 + 8*a - 10. Let p(n) = -n**2 + 8*n - 7. Let o be p(8). Let h be t(o). Suppose j + j = h. What is the tens digit of j?
1
Let c be 10/(-3)*-2 + 16/(-24). What is the tens digit of (2 - 8)/(c/(-68))?
6
Suppose 2370 = 7*o + 2*c, 0*c = -4*o + c + 1350. What is the units digit of o?
8
Let u(s) = s**2 + 9*s - 5. Let i be u(-11). Suppose 5*b - 82 = -i. What is the tens digit of b?
1
Let h(p) = p**3 + 13*p**2 - p - 13. Let v be h(-13). Suppose 0 = -5*c - v + 15. Suppose c*u - 23 = -8. What is the units digit of u?
5
Suppose 0 = y + 2*y. Let a(v) = 4*v**2 - 2*v**2 + 0 - v**2 + 3. What is the units digit of a(y)?
3
Suppose -2*q + 1124 = -2*k, 13*k - 1686 = -3*q + 18*k. What is the units digit of q?
2
Suppose -4*m + 18*m + 3192 = 0. Let h = -154 - m. What is the units digit of h?
4
Let k(m) = -m**3 - 29*m**2 - 49*m - 6. What is the tens digit of k(-28)?
8
Let y be 2/6 + 140/(-6). Let a(m) = 5*m - 13. Let l be a(-8). Let f = y - l. What is the units digit of f?
0
Let y = 835 - -530. What is the tens digit of y?
6
Let j(t) = -2*t + 1. Let y(p) = 229*p - 6. Let z(a) = 4*j(a) - y(a). What is the tens digit of z(-1)?
4
Let z be (5/(25/645))/3. Let j = -81 + z. Let y = 85 + j. What is the tens digit of y?
4
Let j(h) = -h**3 + 10*h**2 - 4*h + 3. Let t be j(9). Suppose -2*n + 166 - t = 0. What is the units digit of n?
9
Let p(y) = y**2 + 9*y - 43. What is the units digit of p(13)?
3
Let d(b) = -2*b**3 + 2*b**2 + 14*b + 9. What is the thousands digit of d(-8)?
1
What is the units digit of (-515)/(-11) - (3 - 70/22)?
7
Let p = 14 - 16. Let a(k) = 15*k**2 + 2*k - 1. What is the units digit of a(p)?
5
Suppose 6986 = 3*j - 6025. What is the thousands digit of j?
4
Let d = -11 - -11. Suppose 5*f - 295 = -5*c, -4*c + 3*f + 236 = -d*f. Suppose -2 = 5*x + 3*s - 42, -c = -4*x + 3*s. What is the tens digit of x?
1
Let f = -48 + 48. Suppose f*q - 7*q = -112. What is the units digit of q?
6
Suppose 3*d = f - 9, 3*f + d - 3 = 2*d. Suppose -2*c = 3*n + 5, -5*n + 4 = 2*c + 15. Suppose 0 = -c*m + 10 - f. What is the units digit of m?
5
Suppose 11*b = -8*b + 2964. What is the hundreds digit of b?
1
Let s be -1 + -325 - (-2 + -2). Let h = -218 - s. What is the units digit of h?
4
Let c(a) = 33*a**2 - 47*a + 206. What is the hundreds digit of c(6)?
1
Suppose -4*l = 5*y - 2*l + 38, -2*y + l - 8 = 0. Let g(k) = 1. Let p(f) = -2*f. Let x(r) = -5*g(r) + p(r). What is the units digit of x(y)?
7
Let x = -397 + 900. What is the tens digit of x?
0
Suppose 57*u - 59*u - 24 = 0. What is the tens digit of (-812)/u - (-1)/3?
6
Suppose -11 + 6 = -c. Suppose -2*w - 15 = -2*r - 3*w, c*r + 3*w = 37. What is the units digit of r?
8
Let s(p) = 3*p**2 - 6*p - 28. What is the tens digit of s(16)?
4
Let r(y) = 141*y - 245. What is the tens digit of r(4)?
1
Suppose -4*n = -2*z - 3*z + 193, -3*z + 126 = n. Let p(r) = -r**2 - 13*r + 40. Let i be p(-17). Let l = z + i. What is the tens digit of l?
1
Suppose -191*d + 187*d + 228 = 0. Let g = -5 + d. What is the units digit of g?
2
Let p(h) = 9*h**2 - 12*h + 21. What is the hundreds digit of p(-7)?
5
What is the units digit of 55063/205 - 3/5?
8
Let v(n) = n**3 - 10*n**2 - 11*n + 4. Let l be v(11). Let z(a) = 3*a + 3 - l*a - 3*a. What is the tens digit of z(-9)?
3
Suppose -2*j - 5*s = -7 - 3, 0 = 5*j - 2*s -